pose -25 = -5*i - 3*w, 0*i - 5*w + 29 = 2*i. Is i/(-3) - 81718/(-42) composite?
True
Suppose 0*l = -l + 2*o - 6397, 0 = -2*l + 3*o - 12799. Let t = 13420 + l. Is t composite?
False
Let q = 1495 - 2839. Is -2*(10 - q)*(-1)/4 prime?
True
Suppose -9*g = -2*w - 10*g + 4, 5*g = 0. Let s(v) = v**3 - v**2 + 3. Let k be s(0). Is w + 1 + -582*(-2)/k prime?
False
Suppose 0 = -5*x + 2*m + 4392369, -18*m = 4*x - 16*m - 3513870. Is x a composite number?
True
Let h(l) = 5201*l - 816. Is h(7) prime?
True
Let b be 1 + 0 + -3 + 0. Let x be (1/b)/(4 - 365/90). Suppose -x*c = -13*c + 1868. Is c a composite number?
False
Suppose -5*z = 4*b - 2*b - 29, -2*b = z - 9. Let s be ((-31)/b)/(12/(-24)). Let t = 0 + s. Is t a prime number?
True
Suppose 5408 + 1600 = 8*a. Let w = 14969 - a. Is w a prime number?
False
Suppose 0 = 2*u + 21 - 431. Suppose -u + 68 = z. Let m = z + 559. Is m a prime number?
False
Suppose p = -51 + 53. Suppose -1582 = -b - p*w, 4*w = b - 5*b + 6312. Is b a composite number?
True
Let f = 31 - 31. Suppose -4*v + 2*y = -32466 + 11128, -3*v - 4*y + 15987 = f. Is v a composite number?
False
Is 340/272*921212/5 composite?
False
Let m(h) = h**2 - 11*h + 4. Let y be m(11). Let x be (174/y)/(3/1120). Suppose x = 2*p + 1806. Is p a composite number?
True
Suppose 4*v + 1 = -2*h + h, -4*v + 3 = -3*h. Suppose 3*f - 5*m - 77665 = v, 4*f - 38703 = -3*m + 64889. Is f a prime number?
False
Is (-4126980)/(-228) - (-104)/494 a prime number?
False
Suppose -58*y + 17*y + 410000 = 0. Suppose 0 = 15*o - 20*o + 4*c + 50009, -o + y = c. Is o prime?
False
Let w = 51 - 45. Suppose x - w = -3. Suppose -x*a + 5*z + 779 = -a, -z = 3*a - 1143. Is a a composite number?
True
Let h(b) = 4178*b - 2565. Is h(13) composite?
False
Suppose 5 = s - 4*m, 5*s - 25 = -m - 3*m. Suppose -2*r - c + 2270 = -3*c, -2270 = -2*r + s*c. Is r prime?
False
Let s(n) be the third derivative of -n**4/24 + n**3/6 - 15*n**2. Let b be s(-2). Is 1/(b/3993) - 2/(-1) composite?
True
Let c = 82204 + -16707. Is c prime?
True
Let u be 20/(-8) + 35109/(-6). Is 1/(-3)*(u - 8) composite?
True
Let i(x) = -528*x**3 - 8*x**2 - 24*x - 5. Is i(-5) a composite number?
True
Is (-7 - 65/(-20))/(-2 - 2466890/(-1233448)) a prime number?
False
Is 62 + (-491980)/(-595) - ((-4)/2)/14 a composite number?
True
Suppose 8 = -3*a + 7*a. Suppose -1962 = a*i - 5*i. Suppose -2*p - 106 = -i. Is p a prime number?
False
Let f(c) = c**3 + 8*c**2 - 8*c + 28. Let g be f(-9). Suppose 2*x = -2*k + 10288, -g*x + 12 = -23*x. Is k composite?
False
Suppose -6*u - 90560 = -4*z - u, z + 4*u = 22661. Is 7/(49/z) + 6 prime?
False
Suppose -50*m = -28*m - 850058. Is m a prime number?
True
Suppose -19*a + 15 = -24*a. Let h be 4/(-2) + 2 + 1295 + a. Is h/5 - 30/(-50) a prime number?
False
Let f(q) be the third derivative of -35*q**4/8 + 43*q**3/6 + 2*q**2 - 22*q. Let k(w) = 3*w. Let r be k(-2). Is f(r) composite?
False
Let n = -78596 - -137423. Is n a composite number?
True
Let j(m) = 2*m**3 + 156*m**2 + 255*m + 139. Is j(-76) composite?
False
Suppose y - 4*k - 35 = 6*y, -2*y = 3*k + 7. Is 5/(y - -6) + 299 prime?
False
Let o be (3 - 4) + (34*98 - 0). Suppose 5*f + 1573 = -5*m + 9953, -2*m = -5*f - o. Is m a composite number?
True
Suppose 0 = -5*q + 2*q + 5*q. Let x(j) = 4*j + 1507. Is x(q) prime?
False
Let p(l) = -3*l + 29. Let r be p(10). Is ((-18)/72)/(r/2708) composite?
False
Let d = 11047 + -470. Suppose -d - 39221 = -14*c. Is c a prime number?
True
Let n(v) = -v**3 - 5*v**2 + 17*v - 1. Let s = -350 - -335. Is n(s) a composite number?
True
Let f = 789547 - 154040. Is f composite?
False
Let h = 27 - 37. Is (394146/360 + (-4)/h)*4 composite?
True
Suppose 0 = -3*g - 981 + 3771. Let x be -2 - g - (-13 - -9). Let c = x + 1301. Is c prime?
True
Suppose 0 = 11*q - 22*q + 8556 + 93997. Is q composite?
False
Suppose -13*j + 1005096 = 6*j + 5*j. Is j a prime number?
True
Suppose -l + 230206 = -5*m, -4*l - 17*m - 246182 + 1166969 = 0. Is l composite?
True
Let k(w) = 7*w + 1077. Let o be k(0). Let x = 976 + o. Is x a prime number?
True
Let u(z) = 3*z**2 - z + 54. Let t(i) = i**2 + i - 1. Let v(m) = -t(m) + u(m). Let r be v(0). Suppose 56 = 3*g - r. Is g prime?
True
Suppose 204*s - 201*s + 9 = 0, -679107 = -3*u + 2*s. Is u prime?
True
Let t(l) = 12*l + 5783*l**2 - 9*l + 2 + l. Is t(1) a prime number?
False
Let a = -386 + 390. Suppose -16002 - 80642 = -a*u. Is u a prime number?
False
Suppose -9*f + 7600 = 2*u - 8*f, -3*f - 18989 = -5*u. Is (3 + -2)*(-2 + u + 0) prime?
True
Let l be 6*(7/28 - 22/8). Let y = 6 + l. Let n = 50 - y. Is n prime?
True
Let y(x) = 1151*x**2 - x + 1. Let l = 293 + -292. Is y(l) a composite number?
False
Let w = 472 + 4976. Let a = w + -2917. Is a prime?
True
Let c(p) = -1297*p + 13. Let u(h) = 5188*h - 51. Let y(k) = -9*c(k) - 2*u(k). Is y(2) composite?
False
Suppose -4313 = -2*k + 5*f + 20150, 0 = 4*f + 4. Suppose 0 = 4*g - 5*y - 16357, -5*g + 8*g + 4*y - k = 0. Is g composite?
True
Suppose 6*f = -3*z + 4*f + 24270, 0 = 4*f. Suppose -33*n = -35*n + z. Is n prime?
False
Suppose 5*q - 17 + 22 = -4*h, 0 = 4*h + q + 17. Let v(i) = -11*i**3 - i**2 + 11. Is v(h) a prime number?
True
Suppose -5*c - 17316970 = -28*c + 12420351. Is c a prime number?
True
Let q = -59777 - -85570. Is q a composite number?
False
Suppose 154*d - 150*d = 4*y + 159740, 0 = d - 19*y - 40007. Is d a composite number?
True
Let t(s) = 19*s**3 + 10*s**2 + 4*s + 2. Let k be (10/4)/(6/(-36)*-3). Is t(k) a composite number?
False
Suppose -i + 4*r + 23931 = 0, 9*i + r = 13*i - 95694. Is i prime?
False
Suppose 4*c - 26 = j + 15, 95 = -3*j - 2*c. Let x = -30 - j. Suppose 0 = -x*r + r + 746. Is r prime?
True
Is ((3953299/(-34))/(-7))/(12/8 + -1) a prime number?
False
Is 342724/44 + ((-276)/66 - -4) a composite number?
False
Suppose -1822*n = -1805*n - 371603. Is n prime?
True
Let s(k) be the second derivative of 0 + 1/6*k**4 + 13/2*k**2 - 11/2*k**3 + 38*k. Is s(24) composite?
False
Let z be 10790/8 - (-42)/(-56). Let p = 2799 - z. Is p prime?
True
Suppose -1567*g = -1557*g - 228530. Is g prime?
True
Suppose 0*h - 3*h - 1 = 2*r, -4*r = -2*h - 22. Suppose -r*p - 69 = -3*j - 7*p, 0 = -2*j + 5*p + 18. Suppose j*m - 19391 = 57578. Is m a prime number?
True
Let b(p) = 428*p - 16. Let z(w) = -2*w - 1. Let i(a) = -b(a) + 5*z(a). Let v be i(2). Let q = 694 - v. Is q a prime number?
True
Is (-1)/(3*(-4)/272796) prime?
False
Suppose 80 = 2*c + 20. Suppose -5*o + 10*o = c. Suppose o*m - 579 = 3*m + 2*f, 5*f - 749 = -4*m. Is m a prime number?
True
Suppose 2*q = -p - 2*p - 9, 0 = 4*q + 4*p + 8. Let s be (5 + 106 - 10) + -3 + -1. Suppose 0 = q*x - t - s, 5*x - 2*t + 7*t = 195. Is x a composite number?
True
Suppose -13*l - 2*n = -14*l + 135687, -5*n + 135722 = l. Is l a composite number?
False
Suppose -b + 4*s = -17175, 13*s - 17179 = -b + 18*s. Is b a composite number?
False
Let g = -2846 - -1656. Let b = 639 - g. Is b composite?
True
Suppose q + 42796 = -q - 4*g, -107002 = 5*q - 2*g. Let z = -14643 - q. Is z a composite number?
True
Let g(i) = 507*i**2 + 30*i + 97. Is g(-10) composite?
False
Suppose 154253 - 793310 = -h + 4*i, -h - 2*i = -639057. Is h composite?
True
Let d = 863 + -853. Suppose -d*g = -352 - 2158. Is g prime?
True
Let j(k) = -k**3 - 7*k**2 - 15*k - 17. Let y be j(-5). Suppose -4258 - 1350 = -y*b. Is b prime?
True
Suppose -l = -10*j + 9*j - 4057, 4*l - 16253 = -j. Suppose -2*p = -l - 15176. Is p prime?
True
Suppose -3*s + 15*r + 666100 = 13*r, -4*s + r + 888125 = 0. Suppose -35*g = 10*g - s. Is g a composite number?
True
Suppose 0 = -s - 3*y + 8, 0*y = -y + 1. Suppose 5*x - 3*q + q = 44, 0 = -x - s*q + 25. Suppose k = 4*f - 2*f - 3560, -x = 5*k. Is f a prime number?
False
Let y(a) = -65*a - 5. Let g be y(-4). Suppose -g = 4*j - 20255. Let i = j - 2902. Is i prime?
False
Let p = 216 - -31. Suppose 0 = -7*r + 344 - 2234. Let j = p - r. Is j a composite number?
True
Let v(d) = 974*d**2 + 17*d + 26. Let p be v(-5). Suppose 10573 = 16*k - p. Is k prime?
True
Let j(m) = -14*m**3 + 5*m**2 + 17*m + 457. Is j(-21) composite?
False
Suppose 0 = -23*x + 17*x + 36. Suppose -2*v - k + 258 + 1099 = 0, -2*k + x = 0. Is v a composite number?
False
Is (1912374/(-12))/((-12)/8) prime?
True
Is (-12)/(-32) - 5346640/(-128) composite?
False
Let w = -74019 - -157322. Is w prime?
False
Let z = 49 